{"id":47,"date":"2011-02-08T22:39:44","date_gmt":"2011-02-08T20:39:44","guid":{"rendered":"http:\/\/www.lehtojarvi.net\/?page_id=47"},"modified":"2011-02-08T22:39:44","modified_gmt":"2011-02-08T20:39:44","slug":"yrittajille","status":"publish","type":"page","link":"https:\/\/www.lehtojarvi.net\/lehtojarvi\/?page_id=47","title":{"rendered":"Alan kauppiaille"},"content":{"rendered":"<h2>RC Yritt\u00e4j\u00e4 tai kauppias, haluatko n\u00e4kyvyytt\u00e4!<\/h2>\n<p>Oletko kenties RC-alan kauppias jonka aika ei tahdo riitt\u00e4\u00e4 n\u00e4kyvyyden lis\u00e4\u00e4miseen.<\/p>\n<p>Nyt se on helppoa! <a href=\"http:\/\/www.lehtojarvi.net\/?page_id=55\">Ota yhteytt\u00e4<\/a>, niin kerron lis\u00e4\u00e4.<\/p>\n<p><a title=\"Ota yhteytt\u00e4!\" href=\"http:\/\/www.lehtojarvi.net\/?page_id=55\"><img loading=\"lazy\" decoding=\"async\" class=\"alignleft size-medium wp-image-219\" title=\"Ota yhteytt\u00e4!\" src=\"http:\/\/www.lehtojarvi.net\/wp-content\/uploads\/2011\/02\/contact-300x269.jpg\" alt=\"Ukkelit\" width=\"300\" height=\"269\" \/><\/a><\/p>\n","protected":false},"excerpt":{"rendered":"<p>RC Yritt\u00e4j\u00e4 tai kauppias, haluatko n\u00e4kyvyytt\u00e4! Oletko kenties RC-alan kauppias jonka aika ei tahdo riitt\u00e4\u00e4 n\u00e4kyvyyden lis\u00e4\u00e4miseen. Nyt se on helppoa! Ota yhteytt\u00e4, niin kerron lis\u00e4\u00e4.<\/p>\n","protected":false},"author":2,"featured_media":0,"parent":0,"menu_order":0,"comment_status":"closed","ping_status":"closed","template":"","meta":{"ngg_post_thumbnail":0,"footnotes":""},"class_list":["post-47","page","type-page","status-publish","hentry","column","twocol"],"_links":{"self":[{"href":"https:\/\/www.lehtojarvi.net\/lehtojarvi\/index.php?rest_route=\/wp\/v2\/pages\/47","targetHints":{"allow":["GET"]}}],"collection":[{"href":"https:\/\/www.lehtojarvi.net\/lehtojarvi\/index.php?rest_route=\/wp\/v2\/pages"}],"about":[{"href":"https:\/\/www.lehtojarvi.net\/lehtojarvi\/index.php?rest_route=\/wp\/v2\/types\/page"}],"author":[{"embeddable":true,"href":"https:\/\/www.lehtojarvi.net\/lehtojarvi\/index.php?rest_route=\/wp\/v2\/users\/2"}],"replies":[{"embeddable":true,"href":"https:\/\/www.lehtojarvi.net\/lehtojarvi\/index.php?rest_route=%2Fwp%2Fv2%2Fcomments&post=47"}],"version-history":[{"count":0,"href":"https:\/\/www.lehtojarvi.net\/lehtojarvi\/index.php?rest_route=\/wp\/v2\/pages\/47\/revisions"}],"wp:attachment":[{"href":"https:\/\/www.lehtojarvi.net\/lehtojarvi\/index.php?rest_route=%2Fwp%2Fv2%2Fmedia&parent=47"}],"curies":[{"name":"wp","href":"https:\/\/api.w.org\/{rel}","templated":true}]}}